089 composite?
True
Is 355448407 prime?
True
Is 57095119 a composite number?
True
Is 4487006 composite?
True
Is 8336513 a composite number?
False
Is 35113783 prime?
True
Is 28356637 a composite number?
True
Is 195237299 prime?
False
Is 50989 a composite number?
False
Is 194440963 composite?
False
Is 853869 prime?
False
Is 4116181 a composite number?
False
Is 5203487 a prime number?
False
Is 99376957 composite?
False
Is 26605309 a prime number?
True
Is 199416689 a composite number?
False
Is 36728111 a composite number?
True
Is 534777 prime?
False
Is 26392733 prime?
True
Is 1576273 prime?
False
Is 94260961 prime?
True
Is 82206629 composite?
True
Is 1879567 composite?
False
Is 19611782 composite?
True
Is 2480269 a prime number?
False
Is 2496869 a prime number?
True
Is 111048931 prime?
False
Is 5041873 composite?
True
Is 2857397 composite?
False
Is 1433309 composite?
False
Is 8553598 a prime number?
False
Is 65503751 a composite number?
True
Is 22681931 a composite number?
False
Is 27517667 a composite number?
False
Is 29723 prime?
True
Is 6873793 prime?
False
Is 2205239 prime?
True
Is 580327 a prime number?
False
Is 393139387 prime?
True
Is 170227 a prime number?
True
Is 4220266 a prime number?
False
Is 185366245 a composite number?
True
Is 35524847 prime?
False
Is 6336199 a prime number?
False
Is 110718823 composite?
False
Is 6830953 a composite number?
True
Is 214490399 a prime number?
True
Is 7615147 prime?
True
Is 5386921 composite?
False
Is 15808561 a prime number?
False
Is 1000962371 a prime number?
True
Is 1001371 prime?
False
Is 120548854 prime?
False
Is 175250645 a composite number?
True
Is 779027 composite?
True
Is 7508981 composite?
False
Is 136163113 a prime number?
True
Is 337122521 a prime number?
True
Is 226991 composite?
False
Is 1672243 a composite number?
False
Is 293677 a composite number?
False
Is 216924271 composite?
False
Is 92542183 composite?
False
Is 35350349 a prime number?
False
Is 234920923 a composite number?
False
Is 4131433 prime?
False
Is 30903649 composite?
True
Is 28673 a composite number?
True
Is 397243787 composite?
True
Is 37774689 composite?
True
Is 769837 a prime number?
True
Is 1698497 prime?
True
Is 277841126 a prime number?
False
Is 15126043 a prime number?
True
Is 44463121 prime?
True
Is 7432951 a composite number?
False
Is 521196241 a prime number?
False
Is 111367969 prime?
False
Is 5835457 a prime number?
False
Is 553513729 prime?
False
Is 60811 a composite number?
False
Is 7219213 a composite number?
False
Is 28048611 composite?
True
Is 1456157 composite?
False
Is 46852649 prime?
False
Is 10950587 composite?
False
Is 81788549 a composite number?
True
Is 768445259 a composite number?
False
Is 804179 composite?
False
Is 191081741 a composite number?
True
Is 199097 composite?
True
Is 245162747 prime?
False
Is 497081749 a prime number?
True
Is 73656581 prime?
False
Is 19003619 a composite number?
False
Is 7829331 a prime number?
False
Is 22526423 a composite number?
False
Is 993857 prime?
False
Is 17021159 a composite number?
True
Is 8954747 composite?
False
Is 2966843 composite?
True
Is 43753 a prime number?
True
Is 75065993 a prime number?
False
Is 6122101 prime?
True
Is 116573789 composite?
False
Is 31270663 composite?
False
Is 172576793 a composite number?
False
Is 273227287 a prime number?
True
Is 3138767 composite?
False
Is 36217 prime?
True
Is 4421999 a composite number?
False
Is 40204061 composite?
True
Is 8581211 a prime number?
True
Is 1208777 a composite number?
False
Is 584347 composite?
False
Is 7069267 composite?
False
Is 34114187 a prime number?
False
Is 1032596413 composite?
False
Is 6641641 a prime number?
False
Is 480859 a composite number?
True
Is 6703883 a prime number?
True
Is 584651 a composite number?
True
Is 6719659 a composite number?
True
Is 123673855 a prime number?
False
Is 39742127 a prime number?
True
Is 27819847 a prime number?
False
Is 552478 a composite number?
True
Is 55448347 a prime number?
False
Is 142440143 a composite number?
False
Is 72352837 composite?
False
Is 602515 prime?
False
Is 10335697 a composite number?
False
Is 42682655 a prime number?
False
Is 6910103 prime?
True
Is 6868885 a prime number?
False
Is 11740633 a prime number?
True
Is 117930601 a composite number?
False
Is 276707 prime?
True
Is 1883069 a prime number?
False
Is 38950259 composite?
False
Is 5451967 prime?
False
Is 67314371 a prime number?
False
Is 27488873 a prime number?
True
Is 35322598 composite?
True
Is 1362665 a prime number?
False
Is 208781413 a prime number?
True
Is 657373 composite?
True
Is 83740739 a prime number?
False
Is 4862785 prime?
False
Is 136613549 a composite number?
False
Is 19144439 a composite number?
False
Is 8871593 a composite number?
True
Is 122240665 a prime number?
False
Is 2721301 composite?
True
Is 2199427 a prime number?
True
Is 53433893 composite?
False
Is 196963391 a prime number?
True
Is 58266203 a prime number?
False
Is 1945002205 a prime number?
False
Is 614759 a prime number?
True
Is 46041967 a composite number?
True
Is 251226753 composite?
True
Is 2197681 a composite number?
False
Is 16963 prime?
True
Is 486659273 composite?
True
Is 16423201 prime?
False
Is 6889241 composite?
False
Is 577669 prime?
False
Is 366247 composite?
True
Is 144185843 a prime number?
True
Is 170003 prime?
True
Is 2864401 prime?
True
Is 1482458863 prime?
True
Is 4513973 a prime number?
True
Is 117041069 a composite number?
False
Is 32926231 prime?
False
Is 92668523 prime?
False
Is 5601667 prime?
True
Is 16837853 a prime number?
False
Is 15765983 composite?
False
Is 9266405 a composite number?
True
Is 9632409 a prime number?
False
Is 446005871 a composite number?
False
Is 92078491 prime?
False
Is 115592569 a prime number?
True
Is 22785377 a composite number?
True
Is 3933211 composite?
True
Is 73563157 composite?
False
Is 893093 prime?
True
Is 70161827 composite?
True
Is 20149799 composite?
False
Is 1669367 prime?
False
Is 29077369 a prime number?
True
Is 10269383 a composite number?
True
Is 215860457 a prime number?
False
Is 6099127 a prime number?
True
Is 36456919 a prime number?
True
Is 11826877 a prime number?
True
Is 229654859 composite?
True
Is 43315471 composite?
False
Is 35524757 prime?
True
Is 2231291 a prime number?
False
Is 262243 a composite number?
True
Is 1736862617 a composite number?
True
Is 3012047 composite?
True
Is 544907 composite?
True
Is 402339617 composite?
False
Is 4276157 a composite number?
False
Is 184588829 a composite number?
False
Is 514708567 a composite number?
False
Is 20410589 composite?
False
Is 4852501 a composite number?
True
Is 93000689 a prime number?
True
Is 2242469 a prime number?
True
Is 1284791 a composite number?
False
Is 1878365 composite?
True
Is 406093 a composite number?
False
Is 2807111 prime?
True
Is 35307863 a composite number?
False
Is 3108619 composite?
True
Is 397913 a prime number?
False
Is 253551179 composite?
True
Is 28328579 a composite number?
True
Is 698729 composite?
False
Is 2801087 composite?
False
Is 2859227 prime?
False
Is 102502403 composite?
False
Is 453617 a prime number?
True
Is 3519733 a prime number?
False
Is 125681 composite?
True
Is 81718199 a prime number?
False
Is 3991601 composite?
False
Is 7382543 a prime number?
False
Is 306819847 a prime number?
False
Is 7841147 prime?
False
Is 4566487 a composite number?
True
Is 456871 prime?
True
Is 2060203 prime?
True
Is 431666 a composite number?
True
Is 247860115 composite?
True
Is 1310159 a composite number?
True
Is 6401 composite?
True
Is 166366833 a prime number?
False
Is 5600851 a prime number?
False
Is 6265037 a prime number?
False
Is 16305179 a prime number?
False
Is 9219877 prime?
True
Is 398740649 composite?
False
Is 30276811 a prime number?
True
Is 120438527 prime?
False
Is 14115103 a prime number?
True
Is 273457 a prime number?
True
Is 12701441 composite?
False
Is 1023731 composite?
False
Is 2734693409 prime?
False
Is 292303261 a composite number?
True
Is 970609 a prime number?
False
Is 8453149 prime?
False
Is 16096627 prime?
True
Is 279768689 prime?
True
Is 806233 a composite number?
False
Is 109609 composite?
False
Is 8157629 composite?
False
Is 6211031 prime?
False
Is 18003121 composite?
False
Is 475534091 a composite number?
False
Is 106247393 a prime